9. What is the units digit of c?
1
Let g(q) = q**3 + 59*q**2 - 258*q + 158. What is the thousands digit of g(-61)?
8
Let d = 45400 - 29818. What is the thousands digit of d?
5
Suppose 2162 = 3*m - 4321. What is the tens digit of m?
6
Let p(v) = 16*v - 75. Let a be p(5). Suppose -3*n + 2*n + a*x = -275, -4*n + x + 1081 = 0. What is the units digit of n?
0
Suppose -193*a + 311*a - 1048194 = 0. What is the hundreds digit of a?
8
Let y(t) = 3*t - 9. Let j be y(5). Suppose 3*v + 3*k - j = 0, -4*v + v - 2*k = -8. What is the tens digit of 2/1 + v*(-5)/(-2)?
1
Suppose -4*i - 22 = -6, -9337 = -3*j - 2*i. What is the tens digit of j?
1
Let j(w) = -58*w + 52. Let b(k) = 116*k - 103. Let c(g) = -6*b(g) - 11*j(g). What is the units digit of c(-5)?
6
Let r = -8474 + 25097. What is the tens digit of r?
2
Let l(a) = 2*a + 40. Let f be l(0). Let o = f + -40. Suppose 3*z - s - 195 = 0, 5*z - s - 327 = -o*s. What is the tens digit of z?
6
Suppose -60 = -6*t + 2*t. Let i(j) = -23*j - 34. Let v be i(-5). Let z = v + t. What is the units digit of z?
6
Suppose -3*b = -4*i + 45671, 2*i - 3*b - 15644 = 7187. What is the hundreds digit of i?
4
Suppose -3*z + 4*o + 385 = 0, 239 - 876 = -5*z + 2*o. Let p = 44 + z. Suppose a + 48 = p. What is the hundreds digit of a?
1
What is the hundreds digit of (-11719 + (-32)/(-4))*-2?
4
Let m(c) = c**2 + 330*c + 83. What is the hundreds digit of m(79)?
3
What is the tens digit of ((-7)/2*(-356684)/69)/((-10)/(-15))?
3
Suppose 4*x = 20, 0 = -r + x - 3*x + 17. Suppose -r*a + 2*a + 50 = 0. Let q(k) = k**2 - 3*k + 6. What is the units digit of q(a)?
6
Let c be (-360)/(-2)*(-72)/(-32). Suppose y - 146 = -5*o, 2*y + y + 4*o = c. What is the hundreds digit of y?
1
Let u(k) = 22*k**2 - 3*k + 1. Let b be u(2). Let t(d) = 26*d + 135. Let m be t(-5). Suppose 0*q + 5*h = -q + b, -m*q + h + 415 = 0. What is the tens digit of q?
8
What is the thousands digit of ((-67)/(-402))/((-2)/(-3)) + (-310118)/(-8)?
8
Suppose 0 = -8*v - 796 - 476. Let a = 1 - v. What is the units digit of a?
0
Let v(s) = 16684*s**2 - 132*s + 134. What is the tens digit of v(1)?
8
Let z(s) = 3*s + 3. Let c be z(0). Let m be -76*((-75)/20)/c. Let a = -57 + m. What is the units digit of a?
8
Let r(v) be the first derivative of v**4 - 3*v**2 + 12*v + 857. Let k be (0 + 3/(-5))*-5. What is the units digit of r(k)?
2
Suppose y - 2*j = 17, 2*j = 2*y - 19 - 9. Suppose -y*d + 1882 = -4575. What is the hundreds digit of d?
5
Let v = 45649 - 32430. What is the tens digit of v?
1
Let p(m) = 5*m**2 - 22*m - 41. Let s be p(6). Suppose 707 = 4*t + 3*n, -5*t = -s*t + 5*n + 373. What is the units digit of t?
9
Let q be (-1)/(1/3) - -10. Suppose -5*g = -q*g + 8. Suppose -79 = -i - 0*i + 3*u, 3*i - g*u - 252 = 0. What is the tens digit of i?
8
Let k be (4 + -2)*(-15)/6. Let i be 4/(-40)*k*10. Suppose i*y = 8 + 27. What is the units digit of y?
7
Suppose -12*l + 852 = -780. Let a = 277 - l. Let t = 247 - a. What is the tens digit of t?
0
Let w be (-140)/7 + 0 - -6. Let q(l) = -48*l - 111. What is the tens digit of q(w)?
6
Let k = -3501 - -5465. What is the tens digit of k?
6
Suppose 3*c - 74 = -15*f + 10*f, 38 = c + 5*f. What is the units digit of ((-6)/9)/(c/(-29106))?
8
Suppose 5783 + 287 = 5*p. Let u = -697 + p. Suppose 617 = 6*x - u. What is the units digit of x?
9
Let i(b) = 308*b - 30. Let z be i(20). Suppose 0 = 18*g - 23*g + z. What is the tens digit of g/14 - 6/(-14)?
8
Let c = -93 + 93. Suppose 7*k - 6*k - 437 = c. What is the hundreds digit of k?
4
Let m be (-117)/(-12) - (-6)/24. Suppose -4*u + 5*t - 75 = 0, -t - 38 = 3*u + 23. What is the tens digit of (288/m)/((-6)/u)?
9
Suppose -11*s + 81*s = 7*s + 1657530. What is the thousands digit of s?
6
Let u(y) = -17 - 18*y - 18 + 0. Let q be ((-30)/(-25))/((-23)/115). What is the units digit of u(q)?
3
Let z = -77050 - -114166. What is the tens digit of z?
1
Let b be 7*((-40)/(-14) - 0). Let l be (-2)/(-5) + 1072/b. Suppose -3*o - 2*j + 170 = -l, 4*j + 8 = 0. What is the units digit of o?
6
Let s = -12531 - -21601. What is the units digit of s?
0
What is the units digit of (3884 + 0)*((138/(-12) - -10) + 10)?
4
Let k be 3 - 1*234/(4 + -1). Let x = 0 - k. Suppose 8*y - x = 45. What is the tens digit of y?
1
Suppose 21*q = 40 + 170. Let c(j) = -j**3 + 13*j**2 - 17*j + 59. What is the hundreds digit of c(q)?
1
Suppose k - 6*v + 5*v = 15078, -k = 5*v - 15066. What is the tens digit of k?
7
Let f(q) = 253*q + 686. What is the tens digit of f(5)?
5
Let z(k) be the third derivative of -5*k**4/24 + 4*k**3/3 + 12*k**2. Let s be (4 - 2 - -2)/(2/(-3)). What is the tens digit of z(s)?
3
Suppose -70*l + 4693590 = 251207 + 796433. What is the tens digit of l?
8
Suppose 40*w = 44*w - 96. Let k(q) = -19*q + 10*q + w + 22 - 22*q. What is the hundreds digit of k(-5)?
2
Let f(r) = -r. Let q be f(0). Suppose 10*n - 5*n - 90 = q. Suppose -n*j + 918 = -0. What is the tens digit of j?
5
What is the thousands digit of (-89555)/(-5) + (-200)/20?
7
Suppose 0 = -28*p + 22*p - 348. Let i = p - -83. What is the tens digit of (i/4)/(18/432)?
5
Suppose -5*b + 8 = -17. Suppose -3*g - 1092 = -3*x, -13*x + 9*x + 1492 = 2*g. Suppose j + 2*j - b*o = 263, -4*j + x = 3*o. What is the units digit of j?
1
Let j(z) = -2*z**3 - 4*z**2. Let s be j(-3). What is the units digit of ((-888)/s)/(2/(-6))?
8
Suppose 0 = 34*w - 21748 - 182. Suppose 2*h + c = 5*c + 1294, -h + 3*c = -w. What is the hundreds digit of h?
6
Suppose -29 + 23 = -2*z. Suppose -3*u + 129 = 3*b, 0 = -8*b + 7*b - 2*u + 44. What is the tens digit of b/z*-1*33/(-6)?
7
Suppose -29*v + 43391 = -139715. What is the units digit of v?
4
Let x(b) = b - 15. Let y(g) = -3*g + 29. Let j(f) = -10*x(f) - 4*y(f). Let q(s) = 3*s + 35. Let w(d) = -6*j(d) + 7*q(d). What is the tens digit of w(6)?
9
Suppose 0 = 3*p + 2*n - 9991, 29*p - 3*n + 9996 = 32*p. What is the units digit of p?
7
Suppose -i - 5*s + 20224 = 0, 0 = -5*i + 4*i + s + 20272. What is the ten thousands digit of i?
2
Let l be 7*(-3)/(-6)*(65 + -3). What is the tens digit of 5611/l - (3 - 1)/(-14)?
2
Suppose 0 = -9*f + 1593 + 1818. Let v = f + 1007. What is the thousands digit of v?
1
Suppose 3*n - 2*k = 0, -n - 11 = -3*k - 4. Let h be 13*n + (5 - 1). Suppose -9*p + 8*p = -h. What is the units digit of p?
0
Let x be (-2)/11 - (-399175)/(-385). Let q = -188 - x. What is the tens digit of q?
4
Let j = -37 - -37. Let p be j - (0/2 - -1). Let c = p - -82. What is the units digit of c?
1
Let l = 14556 + -5851. Suppose 9*d - l - 232 = 0. What is the tens digit of d?
9
Suppose 73794 + 273998 = 4*j + 2*r, -3*j - 4*r = -260854. What is the hundreds digit of j?
9
Let j(u) = u**2 - 3*u + 19. Let p(n) = n**2 + 1. Let o(q) = -j(q) + 3*p(q). Let b be 22 + (26 - 51) + (-9)/(-1). What is the tens digit of o(b)?
7
Suppose -2*r = 3*u - 14785 - 7353, -r + u + 11069 = 0. What is the units digit of r?
9
Suppose -8*i - 10960 = -18*i. Suppose -f = q - 366, -12*q + 7*q + i = 3*f. What is the units digit of f?
7
Suppose 12*g = 129688 - 18233 + 63913. What is the tens digit of g?
1
Let f = -125 + 215. Suppose -f = 4*t + c - 20, 2*c - 94 = 5*t. Let d = 76 + t. What is the units digit of d?
8
Let z = 29 + -26. Suppose -c = -z*k - 3*c + 86, 3*c - 31 = -k. What is the units digit of k?
8
Let r(v) be the third derivative of 41*v**6/120 + v**5/15 - v**4/2 - v**3/6 - 2*v**2. Let m be r(5). What is the tens digit of (-10)/(-85) + m/34?
5
Let o be ((8 - 13) + 8)*(-4)/(-6). Suppose -4*m + 16 = 4*y, -3*m + 3*y - 2*y = 4. Suppose m*d = -o*d + 156. What is the units digit of d?
8
Let c = 12493 + 27223. What is the units digit of c?
6
Let v = 226 - 218. Suppose -28*q + 9340 = -v*q. What is the tens digit of q?
6
Let v(c) be the third derivative of 4*c**5/15 + c**4/3 + c**3/6 + 27*c**2. Let z be v(-2). Suppose 50*f - 197 = z*f. What is the tens digit of f?
9
Let a(o) = o**3 - 7*o**2 + 7*o - 4. Let z(b) = b - 4. Let u be z(10). Let y be a(u). What is the units digit of (-13)/(y + 20/(-8))?
6
Suppose -3*a - 28 = -g - 20, 2*g - 4*a - 12 = 0. Let i(t) = -t**2 - 9*t + 3. Let b be i(-9). What is the hundreds digit of g*(b + 47) - -2?
1
Let c be 43 + -40 + 1/1 + 22. Suppose -1047 = c*i - 23615. What is the hundreds digit of i?
8
Suppose 11*z + 1469 + 808 = 0. Let j = z + 424. What is the units digit of j?
7
Le